{"id":142,"date":"2025-12-21T15:05:41","date_gmt":"2025-12-21T14:05:41","guid":{"rendered":"https:\/\/faulquemont.ste-mgas.fr\/?page_id=142"},"modified":"2026-02-14T17:04:24","modified_gmt":"2026-02-14T16:04:24","slug":"actualites","status":"publish","type":"page","link":"https:\/\/proximite-action.fr\/?page_id=142","title":{"rendered":"Actualit\u00e9s"},"content":{"rendered":"\n<p>Retrouvez ici les actualit\u00e9s et les communications concernant Faulquemont, Ch\u00e9mery et notre liste.<\/p>\n\n\n\n<details class=\"wp-block-details is-layout-flow wp-block-details-is-layout-flow\"><summary>D\u00e9claration de candidature &#8211; 09 Janvier 2026<\/summary>\n<div data-wp-interactive=\"core\/file\" class=\"wp-block-file\"><object data-wp-bind--hidden=\"!state.hasPdfPreview\" hidden class=\"wp-block-file__embed\" data=\"https:\/\/proximite-action.fr\/wp-content\/uploads\/2026\/01\/Lettre-de-candidature-Faulquemont-Proximite-et-Action.pdf\" type=\"application\/pdf\" style=\"width:100%;height:950px\" aria-label=\"Contenu embarqu\u00e9 Lettre de candidature - Faulquemont Proximit\u00e9 et Action.\"><\/object><a id=\"wp-block-file--media-adff399b-e688-438b-a761-6ec859b84d3a\" href=\"https:\/\/proximite-action.fr\/wp-content\/uploads\/2026\/01\/Lettre-de-candidature-Faulquemont-Proximite-et-Action.pdf\">Lettre de candidature &#8211; Faulquemont Proximit\u00e9 et Action<\/a><a href=\"https:\/\/proximite-action.fr\/wp-content\/uploads\/2026\/01\/Lettre-de-candidature-Faulquemont-Proximite-et-Action.pdf\" class=\"wp-block-file__button wp-element-button\" download aria-describedby=\"wp-block-file--media-adff399b-e688-438b-a761-6ec859b84d3a\">T\u00e9l\u00e9charger<\/a><\/div>\n<\/details>\n\n\n\n<details class=\"wp-block-details is-layout-flow wp-block-details-is-layout-flow\"><summary>Boitage des d\u00e9clarations de candidature &#8211; 10 et 11 Janvier 2026<\/summary>\n<iframe loading=\"lazy\" src=\"https:\/\/www.facebook.com\/plugins\/post.php?href=https%3A%2F%2Fwww.facebook.com%2Fpermalink.php%3Fstory_fbid%3Dpfbid02nnH6CYT9M9zmRQ3iJYMPXrHKMLS18dX1MdbZ7i8afhuYWYwE6ZQWVJyEK7w5kMQul%26id%3D61586064849160&#038;show_text=true&#038;width=500\" width=\"500\" height=\"664\" style=\"border:none;overflow:hidden\" scrolling=\"no\" frameborder=\"0\" allowfullscreen=\"true\" allow=\"autoplay; clipboard-write; encrypted-media; picture-in-picture; web-share\"><\/iframe>\n<iframe loading=\"lazy\" src=\"https:\/\/www.facebook.com\/plugins\/post.php?href=https%3A%2F%2Fwww.facebook.com%2Fpermalink.php%3Fstory_fbid%3Dpfbid032oZmwoxnuxLu8QRJ1jxhfPNw6cAxDhvf3BakBX2kmg8zfRL9aVsRQbM3szPt1SBql%26id%3D61586064849160&#038;show_text=true&#038;width=500\" width=\"500\" height=\"664\" style=\"border:none;overflow:hidden\" scrolling=\"no\" frameborder=\"0\" allowfullscreen=\"true\" allow=\"autoplay; clipboard-write; encrypted-media; picture-in-picture; web-share\"><\/iframe>\n<iframe loading=\"lazy\" src=\"https:\/\/www.facebook.com\/plugins\/post.php?href=https%3A%2F%2Fwww.facebook.com%2Fpermalink.php%3Fstory_fbid%3Dpfbid02efh5hFJH1734wRqn8iVX9GtTJADnjM54HB4zaH7PdLekZidUw4Bq7FytNXxM1DVgl%26id%3D61586064849160&#038;show_text=true&#038;width=500\" width=\"500\" height=\"561\" style=\"border:none;overflow:hidden\" scrolling=\"no\" frameborder=\"0\" allowfullscreen=\"true\" allow=\"autoplay; clipboard-write; encrypted-media; picture-in-picture; web-share\"><\/iframe>\n<iframe loading=\"lazy\" src=\"https:\/\/www.facebook.com\/plugins\/post.php?href=https%3A%2F%2Fwww.facebook.com%2Fpermalink.php%3Fstory_fbid%3Dpfbid0PU3FnLDsi3Qcf6B3KAo1W94uMKEFBTz2nxRg9A7dpmGVDV2THhHgmyNvsfbwhsHnl%26id%3D61586064849160&#038;show_text=true&#038;width=500\" width=\"500\" height=\"664\" style=\"border:none;overflow:hidden\" scrolling=\"no\" frameborder=\"0\" allowfullscreen=\"true\" allow=\"autoplay; clipboard-write; encrypted-media; picture-in-picture; web-share\"><\/iframe>\n<iframe loading=\"lazy\" src=\"https:\/\/www.facebook.com\/plugins\/post.php?href=https%3A%2F%2Fwww.facebook.com%2Fpermalink.php%3Fstory_fbid%3Dpfbid026ccCmzohXfwTFTj654NynSgVR7rYcV46oQB8rnZoRVVuwJ7D3pqGWmayYy4wLXfQl%26id%3D61586064849160&#038;show_text=true&#038;width=500\" width=\"500\" height=\"722\" style=\"border:none;overflow:hidden\" scrolling=\"no\" frameborder=\"0\" allowfullscreen=\"true\" allow=\"autoplay; clipboard-write; encrypted-media; picture-in-picture; web-share\"><\/iframe>\n<iframe loading=\"lazy\" src=\"https:\/\/www.facebook.com\/plugins\/post.php?href=https%3A%2F%2Fwww.facebook.com%2Fpermalink.php%3Fstory_fbid%3Dpfbid02xCDgqgNWGRk3rGfg1fBKRvtD3YFXFqWS9kA6gvmBYePqmowWaKXLBN4EGUiB2g4Ul%26id%3D61586064849160&#038;show_text=true&#038;width=500\" width=\"500\" height=\"644\" style=\"border:none;overflow:hidden\" scrolling=\"no\" frameborder=\"0\" allowfullscreen=\"true\" allow=\"autoplay; clipboard-write; encrypted-media; picture-in-picture; web-share\"><\/iframe>\n<\/details>\n\n\n\n<details class=\"wp-block-details is-layout-flow wp-block-details-is-layout-flow\"><summary>D\u00e9ja 300 likes sur la page Facebook &#8211; 14 Janvier 2026<\/summary>\n<p><\/p>\n<\/details>\n\n\n\n<details class=\"wp-block-details is-layout-flow wp-block-details-is-layout-flow\"><summary>Lancement de notre consultation citoyenne &#8211; 19 Janvier2026<\/summary>\n<p><a href=\"https:\/\/forms.gle\/7Du8o4T5qhoX6yid9\" target=\"_blank\" rel=\"noreferrer noopener\">Pour remplir le questionnaire, cliquez ici, merci pour votre participation<\/a><\/p>\n\n\n\n<figure class=\"wp-block-image size-large\"><img loading=\"lazy\" decoding=\"async\" width=\"730\" height=\"1024\" src=\"https:\/\/proximite-action.fr\/wp-content\/uploads\/2026\/01\/Qr-code-questionnaire-730x1024.jpg\" alt=\"\" class=\"wp-image-401\" srcset=\"https:\/\/proximite-action.fr\/wp-content\/uploads\/2026\/01\/Qr-code-questionnaire-730x1024.jpg 730w, https:\/\/proximite-action.fr\/wp-content\/uploads\/2026\/01\/Qr-code-questionnaire-214x300.jpg 214w, https:\/\/proximite-action.fr\/wp-content\/uploads\/2026\/01\/Qr-code-questionnaire-768x1077.jpg 768w, https:\/\/proximite-action.fr\/wp-content\/uploads\/2026\/01\/Qr-code-questionnaire.jpg 1080w\" sizes=\"auto, (max-width: 730px) 100vw, 730px\" \/><\/figure>\n<\/details>\n\n\n\n<details class=\"wp-block-details is-layout-flow wp-block-details-is-layout-flow\"><summary>A votre rencontre aux abords de l&rsquo;\u00e9cole du Bas-Steinbech &#8211; 20 Janvier 2026<\/summary>\n<iframe loading=\"lazy\" src=\"https:\/\/www.facebook.com\/plugins\/post.php?href=https%3A%2F%2Fwww.facebook.com%2Fpermalink.php%3Fstory_fbid%3Dpfbid02PQS9FBn3oMCMCMohSTanpnhthNPuAPZLeH7HFnsLzpNZqnYZSJWw8sWz6nLnjbL2l%26id%3D61586064849160&#038;show_text=true&#038;width=500\" width=\"500\" height=\"543\" style=\"border:none;overflow:hidden\" scrolling=\"no\" frameborder=\"0\" allowfullscreen=\"true\" allow=\"autoplay; clipboard-write; encrypted-media; picture-in-picture; web-share\"><\/iframe>\n<\/details>\n\n\n\n<details class=\"wp-block-details is-layout-flow wp-block-details-is-layout-flow\"><summary>A votre rencontre \u00e0 la gare de Faulquemont &#8211; 23 Janvier 2026<\/summary>\n<iframe loading=\"lazy\" src=\"https:\/\/www.facebook.com\/plugins\/post.php?href=https%3A%2F%2Fwww.facebook.com%2Fpermalink.php%3Fstory_fbid%3Dpfbid0kFHLQyUfCHRiiyJkNygsFbwxA3abVHiu3EbtQjief3VwPgU3Xa19uV7j7HGvGuo4l%26id%3D61586064849160&#038;show_text=true&#038;width=500\" width=\"500\" height=\"504\" style=\"border:none;overflow:hidden\" scrolling=\"no\" frameborder=\"0\" allowfullscreen=\"true\" allow=\"autoplay; clipboard-write; encrypted-media; picture-in-picture; web-share\"><\/iframe>\n<\/details>\n\n\n\n<details class=\"wp-block-details is-layout-flow wp-block-details-is-layout-flow\"><summary>A votre rencontre aux abords de l&rsquo;\u00e9cole du Stade &#8211; 26 Janvier 2026<\/summary>\n<iframe loading=\"lazy\" src=\"https:\/\/www.facebook.com\/plugins\/post.php?href=https%3A%2F%2Fwww.facebook.com%2Fpermalink.php%3Fstory_fbid%3Dpfbid02Aj87h6RgmU8hDdjENYZgH6KU8XYBZsNj5VQSW1tkeLi64fc5QqFVxx1YubQLJV7xl%26id%3D61586064849160&#038;show_text=true&#038;width=500\" width=\"500\" height=\"658\" style=\"border:none;overflow:hidden\" scrolling=\"no\" frameborder=\"0\" allowfullscreen=\"true\" allow=\"autoplay; clipboard-write; encrypted-media; picture-in-picture; web-share\"><\/iframe>\n<\/details>\n\n\n\n<details class=\"wp-block-details is-layout-flow wp-block-details-is-layout-flow\"><summary>D\u00e9but des rencontres avec les commer\u00e7ants pour recueillir leurs id\u00e9es, leurs impressions, leurs suggestions &#8211; 27 Janvier 2026 <\/summary>\n<p><\/p>\n<\/details>\n\n\n\n<details class=\"wp-block-details is-layout-flow wp-block-details-is-layout-flow\"><summary>A votre rencontre au march\u00e9 hebdomadaire &#8211; 22 et 29 Janvier 2026<\/summary>\n<iframe loading=\"lazy\" src=\"https:\/\/www.facebook.com\/plugins\/post.php?href=https%3A%2F%2Fwww.facebook.com%2Fpermalink.php%3Fstory_fbid%3Dpfbid0eKALdbwujuHXBeCJSMPco92HBTeeCXniGk9cNQq9MQLqogNgGb5dj5DzkLfRCc3yl%26id%3D61586064849160&#038;show_text=true&#038;width=500\" width=\"500\" height=\"496\" style=\"border:none;overflow:hidden\" scrolling=\"no\" frameborder=\"0\" allowfullscreen=\"true\" allow=\"autoplay; clipboard-write; encrypted-media; picture-in-picture; web-share\"><\/iframe>\n<\/details>\n\n\n\n<details class=\"wp-block-details is-layout-flow wp-block-details-is-layout-flow\"><summary>A votre rencontre aux abords du complexe sportif Alo\u00efse Blanchard &#8211; 31 Janvier 2026<\/summary>\n<iframe loading=\"lazy\" src=\"https:\/\/www.facebook.com\/plugins\/post.php?href=https%3A%2F%2Fwww.facebook.com%2Fpermalink.php%3Fstory_fbid%3Dpfbid02e7ozcmi6iDr2WUQ5a9feFMyedCy89D4zAF1c7kiqUAZxmqJHy5V3JsupmV77hPuRl%26id%3D61586064849160&#038;show_text=true&#038;width=500\" width=\"500\" height=\"714\" style=\"border:none;overflow:hidden\" scrolling=\"no\" frameborder=\"0\" allowfullscreen=\"true\" allow=\"autoplay; clipboard-write; encrypted-media; picture-in-picture; web-share\"><\/iframe>\n<\/details>\n\n\n\n<details class=\"wp-block-details is-layout-flow wp-block-details-is-layout-flow\"><summary>A votre rencontre aux abords du Super U &#8211; 2-5 et 7 F\u00e9vrier 2026<\/summary>\n<iframe loading=\"lazy\" src=\"https:\/\/www.facebook.com\/plugins\/post.php?href=https%3A%2F%2Fwww.facebook.com%2Fpermalink.php%3Fstory_fbid%3Dpfbid02DrRJykoNyRBRDLgjQrkBkhxd6vLAwiqHuKiP834M7wJ1URFiJk8FZq8goGMbAAEil%26id%3D61586064849160&#038;show_text=true&#038;width=500\" width=\"500\" height=\"465\" style=\"border:none;overflow:hidden\" scrolling=\"no\" frameborder=\"0\" allowfullscreen=\"true\" allow=\"autoplay; clipboard-write; encrypted-media; picture-in-picture; web-share\"><\/iframe>\n<iframe loading=\"lazy\" src=\"https:\/\/www.facebook.com\/plugins\/post.php?href=https%3A%2F%2Fwww.facebook.com%2Fpermalink.php%3Fstory_fbid%3Dpfbid02zigKtAGJ14bCxZ6tXwRy5kVAFntZNaHjctPFGzqoiq4muepwVk4LZZ1WhpyCHrQAl%26id%3D61586064849160&#038;show_text=true&#038;width=500\" width=\"500\" height=\"714\" style=\"border:none;overflow:hidden\" scrolling=\"no\" frameborder=\"0\" allowfullscreen=\"true\" allow=\"autoplay; clipboard-write; encrypted-media; picture-in-picture; web-share\"><\/iframe>\n\n<\/details>\n\n\n\n<details class=\"wp-block-details is-layout-flow wp-block-details-is-layout-flow\"><summary>Notre page facebook atteint les 600 followers ! Merci ! &#8211; 12 F\u00e9vrier 2026<\/summary>\n<p><\/p>\n<\/details>\n\n\n\n<details class=\"wp-block-details is-layout-flow wp-block-details-is-layout-flow\"><summary> D\u00e9pot de candidature en Sous-Pr\u00e9fecture de Boulay- 14 F\u00e9vrier 2026<\/summary>\n<iframe loading=\"lazy\" src=\"https:\/\/www.facebook.com\/plugins\/post.php?href=https%3A%2F%2Fwww.facebook.com%2Fpermalink.php%3Fstory_fbid%3Dpfbid0aR724KAF8U3Pujr2DHqNmGPmTh68tqUkHMXwsQofWGdotgRMSBP1gxAevryYZw26l%26id%3D61586064849160&#038;show_text=true&#038;width=500\" width=\"500\" height=\"659\" style=\"border:none;overflow:hidden\" scrolling=\"no\" frameborder=\"0\" allowfullscreen=\"true\" allow=\"autoplay; clipboard-write; encrypted-media; picture-in-picture; web-share\"><\/iframe>\n\n<\/details>\n\n\n\n<details class=\"wp-block-details is-layout-flow wp-block-details-is-layout-flow\"><summary> A la rencontre des commer\u00e7ants de Faulquemont- F\u00e9vrier 2026<\/summary>\n<iframe loading=\"lazy\" src=\"https:\/\/www.facebook.com\/plugins\/post.php?href=https%3A%2F%2Fwww.facebook.com%2Fpermalink.php%3Fstory_fbid%3Dpfbid0y2VxDBf4q5rZNgAJCsfaREe1SazFko12yZw5wtWjmMaeGRBcMVzcS6K38ZRGeoasl%26id%3D61586064849160&#038;show_text=true&#038;width=500\" width=\"500\" height=\"708\" style=\"border:none;overflow:hidden\" scrolling=\"no\" frameborder=\"0\" allowfullscreen=\"true\" allow=\"autoplay; clipboard-write; encrypted-media; picture-in-picture; web-share\"><\/iframe>\n\n<\/details>\n","protected":false},"excerpt":{"rendered":"<p>Retrouvez ici les actualit\u00e9s et les communications concernant Faulquemont, Ch\u00e9mery et notre liste.<\/p>\n","protected":false},"author":2,"featured_media":0,"parent":0,"menu_order":0,"comment_status":"closed","ping_status":"closed","template":"","meta":{"iawp_total_views":213,"footnotes":""},"class_list":["post-142","page","type-page","status-publish","hentry"],"_links":{"self":[{"href":"https:\/\/proximite-action.fr\/index.php?rest_route=\/wp\/v2\/pages\/142","targetHints":{"allow":["GET"]}}],"collection":[{"href":"https:\/\/proximite-action.fr\/index.php?rest_route=\/wp\/v2\/pages"}],"about":[{"href":"https:\/\/proximite-action.fr\/index.php?rest_route=\/wp\/v2\/types\/page"}],"author":[{"embeddable":true,"href":"https:\/\/proximite-action.fr\/index.php?rest_route=\/wp\/v2\/users\/2"}],"replies":[{"embeddable":true,"href":"https:\/\/proximite-action.fr\/index.php?rest_route=%2Fwp%2Fv2%2Fcomments&post=142"}],"version-history":[{"count":16,"href":"https:\/\/proximite-action.fr\/index.php?rest_route=\/wp\/v2\/pages\/142\/revisions"}],"predecessor-version":[{"id":437,"href":"https:\/\/proximite-action.fr\/index.php?rest_route=\/wp\/v2\/pages\/142\/revisions\/437"}],"wp:attachment":[{"href":"https:\/\/proximite-action.fr\/index.php?rest_route=%2Fwp%2Fv2%2Fmedia&parent=142"}],"curies":[{"name":"wp","href":"https:\/\/api.w.org\/{rel}","templated":true}]}}